 = -t + 43. Let h be (-2)/5 - (-1463)/t. Let m(i) = i**2 - 13*i + 7. What is the units digit of m(h)?
7
Let s be (-73)/(-4) - (-3)/(-12). Let g = s - -64. Suppose 7*i = 5*i + g. What is the tens digit of i?
4
Let n(j) = -j + 4. Let x be n(-4). Let z(k) = 5*k**3 - 3*k**2 - 5*k + 8. Let f(g) = g**3 + g**2 + 1. Let l(c) = -4*f(c) + z(c). What is the units digit of l(x)?
8
Let w = 62 - 64. What is the tens digit of (-1)/(((-1)/17)/((-26)/w))?
2
Let g be (146/8)/((-7)/28). Let r = g + 86. What is the units digit of r?
3
Suppose -5*w = -33*o + 32*o - 5654, -1142 = -w + 3*o. What is the tens digit of w?
3
Let v(m) = -m**2 - 10*m + 14. Let b(h) = -h**3 - h - 11. Let j be b(0). Let d be v(j). Let x = d - 0. What is the units digit of x?
3
Let s(b) = -b**3 - 10*b**2 - 50*b + 28. What is the tens digit of s(-9)?
9
Let h(m) = -3*m + 2. Let q be h(-1). Suppose 5*d + 2 = b - 89, -3*d - 389 = -q*b. Let t = -46 + b. What is the tens digit of t?
3
Suppose -4*f - 5*z + 76 = 3, -2*f = -4*z - 4. Let x = 14 - f. Suppose x*b - 6 = 48. What is the tens digit of b?
2
Let j be (-3)/(-5) - (-8)/20. Let y(h) = 57*h**2 - h + 1. Let a be y(j). What is the tens digit of (a/2)/((-1)/(-2))?
5
What is the hundreds digit of (-9)/81 - (-4069)/9?
4
Suppose -2*h + 4 = -2. Suppose 5*i + 4*s = 678, 4*s - 438 = -h*i - 36. What is the tens digit of i?
3
Let n(h) be the second derivative of h**5/20 - h**4/3 - h**3/6 - 26*h. What is the units digit of n(6)?
6
Let o be (0 - 0 - -3)/((-3)/(-41)). Let p = o + -37. What is the units digit of p?
4
Suppose 2680 = 4*o - 280. What is the units digit of o?
0
Let v = 1314 + 382. What is the hundreds digit of v?
6
What is the units digit of -15*4/48 + (-3738)/(-8)?
6
Suppose -3*a - a = -8. Let s be (2 + -1)/(1/a). Suppose -s*v = -73 - 1. What is the units digit of v?
7
Let a = 7 - 8. Let o be -9*((-8)/(-6) + a). What is the units digit of 4 - ((-387)/(-3))/o?
7
Let a(g) = g**2 + 3*g + 18. Let p be a(0). Let z(w) = w + 27. What is the units digit of z(p)?
5
Let g = 4539 - 2604. What is the units digit of g?
5
Suppose 5*k = m - 5, -k = 6*m - 3*m - 15. Suppose k = -35*i + 33*i + 16. What is the units digit of i?
8
Let r be (-96)/(-18)*(-1 - 5). Let x = r - -169. What is the units digit of x?
7
Let f(p) = -968*p - 113. What is the tens digit of f(-2)?
2
Suppose g + 2038 = 5*v, 0 = -2*v - g - g + 808. What is the tens digit of v?
0
Let q be 1/(1*(-3)/12). Let h be (-16)/q - (-48)/(-4). Let d = h - -12. What is the units digit of d?
4
Let q(b) = b**2 + 15*b + 2151. What is the units digit of q(0)?
1
Let a be (3/2 - 1)/((-64)/(-512)). Let k(f) = 5*f**2 + 21*f + 13. Let d(i) = -2*i**2 - 10*i - 6. Let j(s) = -7*d(s) - 3*k(s). What is the units digit of j(a)?
5
Let c = 23 - 15. Suppose -9*s = -c*s. Suppose 0*o + o - 43 = s. What is the units digit of o?
3
Suppose -11*j = -4*j - 9695. What is the thousands digit of j?
1
Let n(x) = 2*x - 8*x - 2 + 4*x. Let u be n(-2). Suppose 4*t - 2*a - 242 = -a, 4*a = u*t - 114. What is the units digit of t?
1
Let v(t) = t**2 - 9*t - 11. Let k be v(10). Let l(u) = -62*u + 5. What is the tens digit of l(k)?
6
Suppose -7*o + 253 = -272. What is the tens digit of o?
7
Let f = 383 + 637. What is the hundreds digit of f?
0
Let o = 5 - 8. Let c(i) = -3*i**3 - 4*i**2 - 2*i + 1. Let h be c(o). Suppose -3*f + 142 = h. What is the units digit of f?
0
Suppose 3 = -2*v + 17. What is the tens digit of v*((-600)/(-35))/4?
3
Let x(d) = -d**3 + 11*d**2 + 14*d - 27. What is the hundreds digit of x(10)?
2
What is the tens digit of (-3 - (0 + 604))/((-3)/12)?
2
Suppose 0 = 13*p - 59 + 319. Let j = 5 - p. What is the tens digit of j?
2
Suppose -13*t = -39*t + 31538. What is the hundreds digit of t?
2
Suppose -5*r + 3*r - 3*t + 72 = 0, 2*t - 160 = -4*r. Suppose -3*n = -k + r - 199, 4*k + 16 = 0. What is the units digit of n?
1
Suppose 0 = d - 61. Suppose 3*r - 2*r - 76 = 2*o, 4*r - 196 = 5*o. Let m = d + o. What is the units digit of m?
5
Suppose -5*p = w - 779, 1536 = 2*w - 0*p - p. What is the tens digit of w?
6
Let w(b) = -9*b**2 - 2*b + 1. Let a be w(1). What is the units digit of ((-1)/(-4)*a)/((-3)/6)?
5
Suppose 4*v - 5*l = -0*v + 5357, 3*v - 4014 = 3*l. What is the units digit of v?
3
Let p be 4*(21/(-6))/(-7). Let c(u) be the third derivative of u**6/40 - u**5/30 + u**4/24 - u**3/3 - 3*u**2. What is the tens digit of c(p)?
1
Suppose 0 = g + b - 482, -3*g + 1416 = b - 4*b. What is the tens digit of g?
7
Suppose -2*o + 0*c = -c - 10, 4*c + 12 = o. Let l be (-51)/12 + 1/o. What is the tens digit of (-42)/(l/2) - 0?
2
Suppose 0 = -5*w - 5*m - 45, 3*w - 2*w + 3*m = -9. Let l be (-1)/(3/w*1). Suppose 55 = l*k + 5*t - 6, -t = -k + 23. What is the tens digit of k?
2
Let f = -217 + 85. Let b = f - -194. What is the tens digit of b?
6
Let h(p) = -2*p**2 + 2*p + 5. Let b be h(6). Let z = -2 - b. Let a = z - 16. What is the tens digit of a?
3
Let o be 3/(12/16) - -1. Suppose 2*s + 2 = 0, p + 2*s - 111 = o*s. What is the tens digit of p?
0
Let l = -2745 - -4055. What is the hundreds digit of l?
3
What is the hundreds digit of 2/15 + (48280/150 - -2)?
3
Suppose 350 = 2*f - m - m, 2*m = -5*f + 847. Suppose 2*p - f = 67. What is the units digit of p?
9
Suppose -k - 6 = 2*t - 14, -4*t = -4*k + 56. Let d(s) = -s**2 + 21*s + 10. What is the tens digit of d(k)?
1
Suppose 3*i = -4*u + 8*u - 27, -9 = i + 5*u. Let b(y) = -13*y - 20. What is the tens digit of b(i)?
9
Let w(m) = 3*m**2 + 1. Let z be w(-2). Suppose z*n - 535 = 8*n. What is the hundreds digit of n?
1
Suppose p - 10 = -2*b, 0 = 2*b - 7*b + 3*p + 3. Suppose 3*c - c + 41 = -5*y, c - b*y = -15. Let k = c - -31. What is the tens digit of k?
1
Let w(d) = 1. Let u(z) = 6*z + 2. Let k(c) = u(c) - 5*w(c). Let r be k(4). Let l = r - 8. What is the units digit of l?
3
Let a be -40*(-2 - (2 + -5)). Let c = -57 + -36. Let x = a - c. What is the units digit of x?
3
Suppose -20*g + 18*g + 4 = 0. Suppose 2*a + 94 = 3*x, -g*x = -4*a + 5*a - 51. What is the units digit of x?
8
Let y(f) = 18*f - 75. What is the units digit of y(23)?
9
Suppose 0 = 22*h - 7*h - 8610. Suppose -w - 866 = -3*v + w, 2*v - h = -2*w. What is the units digit of v?
8
Suppose 4*h + 3995 = 3*f, -4*f - f = 2*h - 6667. What is the thousands digit of f?
1
Let s be 1*4/(-4)*-134. Let p = -62 + s. Suppose -v = -p + 38. What is the tens digit of v?
3
Let w be 4/10*(31 - 6). Let j be -1 + (-5)/(w/(-4)). What is the units digit of (1 - -3)/(j/2)?
8
Let v(b) = b**3 - 26*b**2 - 8*b - 104. What is the units digit of v(29)?
7
Let q = -24 + 38. Let r = q + -7. Let b(x) = 2*x**2 - 10*x. What is the tens digit of b(r)?
2
What is the tens digit of 1076 + 1 - (-23)/((-253)/(-22))?
7
Suppose 0 = -2*d + 5*t + 179, -423 = -4*d - 20*t + 17*t. What is the units digit of d?
2
Let u = 2075 - 157. What is the tens digit of u?
1
Suppose -2*r + 1 + 0 = -h, -r + 4*h = -4. Suppose -3*z + 2*z + 109 = r. What is the hundreds digit of z?
1
Let o(v) = v**2 + v + 4. Let x be o(5). Suppose k + 2*m = 5*k - x, -14 = -k - 5*m. Suppose f + 2 + k = 3*t, -4*t - 3*f + 19 = 0. What is the units digit of t?
4
Let g = 7175 + -3684. What is the thousands digit of g?
3
Suppose -1152*a = -1148*a - 1840. What is the hundreds digit of a?
4
Suppose 3*w - 5*z = 43, -3*w + 4*w + 3*z + 9 = 0. Suppose -w*c = -8*c - 122. Let i = c - -86. What is the tens digit of i?
2
What is the tens digit of 1/(-12) - 108242/(-24)?
1
Let b = 109 - 53. Suppose -2*k = 4*l - b, 0 = 2*k - 0*l + 3*l - 52. What is the tens digit of k?
2
Suppose 2*g - 14 = 6. Suppose 34 + g = 2*w - 2*a, 4*w = 5*a + 84. What is the units digit of w?
6
Let v = -25 - -27. Suppose -3*s - v*s = -15. Suppose -s*r + 0*l = -5*l - 118, -r + l + 42 = 0. What is the units digit of r?
6
Let v(i) be the first derivative of 5*i**2/2 - 18*i + 12. What is the tens digit of v(10)?
3
Let i(d) = 7*d - 19. Let h(s) = -3*s + 9. Let c(o) = 9*h(o) + 4*i(o). Let v be c(-7). What is the units digit of (-15)/(52/(-20) - v)?
5
Let s(u) = -u**3 - 18*u**2 + 17*u. Let p be s(-19). What is the units digit of (0 + p/(-8))/(10/(-240))?
4
Suppose 22*u - 5*u = 18479. What is the units digit of u?
7
Let i be (-1 + 2)/(2/(-28)). What is the tens digit of i/(-3)*(-11 + 23)?
5
Suppose 14*i + 2*j - 4 = 13*i, -5*i - j = -47. What is the tens digit of i?
1
Let y(r) = 30*r